ple of 23?
True
Is 169 a factor of 98696?
True
Is 10 a factor of 6020?
True
Is 40328 a multiple of 142?
True
Does 42 divide 4158?
True
Does 23 divide 33327?
True
Is 7 a factor of 1260?
True
Is 12 a factor of 288?
True
Is 29871 a multiple of 31?
False
Is 99 a multiple of 11?
True
Is 6 a factor of 11595?
False
Does 88 divide 7948?
False
Does 12 divide 57996?
True
Does 72 divide 6768?
True
Does 13 divide 132?
False
Is 11546 a multiple of 6?
False
Is 14 a factor of 233?
False
Does 11 divide 38106?
False
Is 3362 a multiple of 34?
False
Is 1133 a multiple of 11?
True
Is 227 a factor of 27983?
False
Does 13 divide 196?
False
Is 761 a multiple of 71?
False
Is 15 a factor of 2820?
True
Is 5658 a multiple of 20?
False
Does 118 divide 63885?
False
Does 99 divide 3366?
True
Is 45 a factor of 4984?
False
Is 176 a factor of 3772?
False
Does 3 divide 23?
False
Is 7506 a multiple of 54?
True
Is 5554 a multiple of 17?
False
Is 2668 a multiple of 60?
False
Is 28 a factor of 1624?
True
Is 234 a factor of 70926?
False
Does 31 divide 6913?
True
Is 83 a multiple of 13?
False
Is 650 a multiple of 2?
True
Does 4 divide 148?
True
Does 5 divide 4811?
False
Does 12 divide 6987?
False
Is 2 a factor of 1011?
False
Does 14 divide 322?
True
Is 7595 a multiple of 245?
True
Is 26 a factor of 13497?
False
Is 14 a factor of 27860?
True
Is 50 a factor of 1700?
True
Is 142 a multiple of 13?
False
Is 33740 a multiple of 9?
False
Is 2533 a multiple of 36?
False
Does 11 divide 3861?
True
Is 174 a multiple of 9?
False
Is 537 a multiple of 77?
False
Is 6487 a multiple of 4?
False
Is 4275 a multiple of 5?
True
Is 6 a factor of 194?
False
Does 9 divide 543?
False
Is 44 a factor of 5100?
False
Is 4591 a multiple of 9?
False
Is 4055 a multiple of 73?
False
Is 3552 a multiple of 24?
True
Is 4554 a multiple of 18?
True
Is 2551 a multiple of 124?
False
Is 3 a factor of 30?
True
Is 7 a factor of 168?
True
Is 11 a factor of 96?
False
Does 49 divide 1470?
True
Is 4 a factor of 1771?
False
Is 3910 a multiple of 46?
True
Is 1221 a multiple of 8?
False
Does 36 divide 281?
False
Is 21015 a multiple of 5?
True
Is 21 a factor of 422?
False
Is 55 a factor of 880?
True
Is 272 a multiple of 68?
True
Does 30 divide 1830?
True
Does 4 divide 2727?
False
Is 86341 a multiple of 86?
False
Is 718 a multiple of 41?
False
Does 7 divide 22078?
True
Is 14 a factor of 34526?
False
Is 27 a factor of 2269?
False
Does 72 divide 6565?
False
Is 65797 a multiple of 19?
True
Is 10 a factor of 81050?
True
Does 20 divide 1820?
True
Is 28 a multiple of 7?
True
Does 6 divide 1803?
False
Does 26 divide 4341?
False
Is 4264 a multiple of 5?
False
Is 11183 a multiple of 178?
False
Does 14 divide 2383?
False
Does 120 divide 1700?
False
Is 6 a factor of 7410?
True
Does 125 divide 4877?
False
Does 58 divide 872?
False
Does 2 divide 107?
False
Does 34 divide 136?
True
Is 6498 a multiple of 80?
False
Does 160 divide 3920?
False
Does 24 divide 199?
False
Is 465 a multiple of 86?
False
Is 15221 a multiple of 99?
False
Is 12312 a multiple of 3?
True
Does 98 divide 8820?
True
Is 8 a factor of 16179?
False
Is 23 a multiple of 3?
False
Is 468 a multiple of 152?
False
Is 10266 a multiple of 10?
False
Is 6156 a multiple of 27?
True
Is 1208 a multiple of 195?
False
Is 15 a factor of 600?
True
Does 103 divide 40510?
False
Does 3 divide 105?
True
Does 13 divide 1443?
True
Is 182 a factor of 8736?
True
Is 4788 a multiple of 18?
True
Does 15 divide 3165?
True
Does 21 divide 10416?
True
Is 60 a multiple of 10?
True
Does 84 divide 1260?
True
Is 3444 a multiple of 12?
True
Is 621 a multiple of 9?
True
Is 8 a factor of 120?
True
Is 58744 a multiple of 28?
True
Is 949 a multiple of 13?
True
Is 7104 a multiple of 38?
False
Does 78 divide 47502?
True
Is 3130 a multiple of 135?
False
Is 702 a multiple of 6?
True
Is 316 a multiple of 20?
False
Is 60 a factor of 780?
True
Does 60 divide 56251?
False
Is 32179 a multiple of 23?
False
Does 61 divide 19337?
True
Does 15 divide 285?
True
Does 31 divide 32129?
False
Does 6 divide 528?
True
Does 31 divide 2914?
True
Does 50 divide 3565?
False
Is 13736 a multiple of 68?
True
Does 66 divide 2595?
False
Does 46 divide 1150?
True
Does 102 divide 1283?
False
Does 30 divide 18480?
True
Is 2160 a multiple of 80?
True
Does 29 divide 1276?
True
Is 179 a factor of 20764?
True
Does 2 divide 114?
True
Is 2 a factor of 52?
True
Is 784 a multiple of 98?
True
Is 48730 a multiple of 22?
True
Does 5 divide 481?
False
Does 14 divide 686?
True
Is 4526 a multiple of 9?
False
Is 11 a factor of 5858?
False
Is 2393 a multiple of 37?
False
Is 90549 a multiple of 17?
False
Is 1254 a multiple of 57?
True
Is 50 a factor of 4900?
True
Is 952 a multiple of 56?
True
Does 37 divide 5735?
True
Is 28 a factor of 30856?
True
Is 41 a factor of 5494?
True
Is 42 a factor of 336?
True
Does 18 divide 882?
True
Is 29160 a multiple of 40?
True
Is 105 a factor of 6720?
True
Is 25 a factor of 17225?
True
Is 479 a multiple of 3?
False
Is 452 a multiple of 39?
False
Is 62 a multiple of 31?
True
Is 23670 a multiple of 263?
True
Does 43 divide 14623?
False
Does 3 divide 481?
False
Does 109 divide 4360?
True
Is 314 a multiple of 14?
False
Does 20 divide 7140?
True
Is 14 a factor of 45682?
True
Is 15 a factor of 468?
False
Is 8333 a multiple of 13?
True
Is 24067 a multiple of 36?
False
Is 599 a multiple of 27?
False
Is 210 a multiple of 12?
False
Is 21 a factor of 20916?
True
Is 683 a multiple of 45?
False
Does 17 divide 2416?
False
Is 56 a factor of 392?
True
Is 8884 a multiple of 11?
False
Is 72 a multiple of 9?
True
Is 810 a multiple of 10?
True
Is 93 a factor of 930?
True
Is 11 a factor of 1097?
False
Does 85 divide 1955?
True
Does 171 divide 40369?
False
Is 18 a factor of 9761?
False
Is 285 a multiple of 15?
True
Does 135 divide 6345?
True
Is 54166 a multiple of 511?
True
Is 7 a factor of 354?
False
Does 77 divide 20789?
False
Is 60 a factor of 2596?
False
Is 377 a multiple of 29?
True
Is 12 a factor of 3108?
True
Is 3628 a multiple of 159?
False
Does 192 divide 12288?
True
Is 11 a factor of 1463?
True
Does 93 divide 783?
False
Does 10 divide 30?
True
Does 14 divide 19?
False
Is 10067 a multiple of 21?
False
Is 991 a multiple of 7?
False
Is 214 a factor of 9630?
True
Does 136 divide 4983?
False
Is 105 a multiple of 13?
False
Is 14 a factor of 1247?
False
Is 1173 a multiple of 36?
False
Does 8 divide 1808?
True
Does 12 divide 822?
False
Is 130 a multiple of 10?
True
Does 40 divide 1163?
False
Is 228 a multiple of 6?
True
Does 16 divide 330?
False
Is 5 a factor of 136?
False
Is 80 a factor of 3200?
True
Does 16 divide 12827?
False
Is 142 a factor of 17182?
True
Does 19 divide 399?
True
Does 44 divide 1056?
True
Is 14 a factor of 32303?
False
Is 1416 a multiple of 6?
True
Is 6 a factor of 258?
True
Is 35 a factor of 47145?
True
Does 20 divide 26640?
True
Does 71 divide 43381?
True
Is 35 a factor of 675?
False
Is 38151 a multiple of 27?
True
Is 330 a factor of 184470?
True
Does 35 divide 462?
False
Is 9 a factor of 6050?
False
Does 24 divide 960?
True
Is 2560 a multiple of 20?
True
Is 1031 a multiple of 90?
False
Is 12951 a multiple of 116?
False
Does 3 divide 8376?
True
Does 41 divide 412?
False
Is 416 a factor of 47840?
True
Is 14100 a multiple of 94?
True
Is 18 a factor of 31160?
False
Is 178145 a multiple of 451?
True
Is 8279 a multiple of 17?
True
Is 6750 a multiple of 21?
False
Does 14 divide 336?
True
Is 1080 a multiple of 9?
True
Does 46 divide 3609?
False
Does 20 divide 27225?
False
Does 85 divide 1430?
False
Is 10 a factor of 1420?
True
Is 684 a multiple of 12?
True
Is 4680 a multiple of 72?
True
Does 17 divide 24525?
False
Is 10137 a multiple of 31?
True
Is 20712 a multiple of 11?
False
Is 3 a factor of 181?
False
Is 112 a factor of 11872?
True
Is 1786 a multiple of 19?
True
Is 11 a factor of 55?
True
Does 22 divide 6446?
True
Is 51 a factor of 4589?
False
Does 60 divide 2289?
False
Does 38 divide 418?
True
Does 31 divide 1169?
False
Is 59 a factor of 354?
True
Is 10 a factor of 5698?
False
Is 449 a multiple of 6?
False
Does 209 divide 80256?
True
Is 12 a multiple of 3?
True
Is 2898 a multiple of 9?
True
Does 35 divide 10114?
False
Is 38 a factor of 3040?
True
Is 95 a factor of 1140?
True
Is 21 a factor of 714?
True
Is 6944 a multiple of 5?
Fals